{"id":26697,"date":"2018-10-11T14:54:38","date_gmt":"2018-10-11T12:54:38","guid":{"rendered":"https:\/\/www.atelierfranzwest.at\/?page_id=26697"},"modified":"2019-02-20T18:10:42","modified_gmt":"2019-02-20T17:10:42","slug":"afw","status":"publish","type":"page","link":"https:\/\/www.atelierfranzwest.at\/de\/afw\/","title":{"rendered":"AFW"},"content":{"rendered":"<p>[et_pb_section bb_built=&#8220;1&#8243; next_background_color=&#8220;#000000&#8243;][et_pb_row][et_pb_column type=&#8220;4_4&#8243;][et_pb_image _builder_version=&#8220;3.19.15&#8243; src=&#8220;https:\/\/www.atelierfranzwest.at\/afw\/wp-content\/uploads\/west-gruppefabiamimi2018_1200x450.png&#8220; force_fullwidth=&#8220;on&#8220; show_in_lightbox=&#8220;on&#8220; \/][\/et_pb_column][\/et_pb_row][et_pb_row][et_pb_column type=&#8220;2_3&#8243;][et_pb_text _builder_version=&#8220;3.16.1&#8243;]<\/p>\n<p>\nDie AFW Atelier Franz WEST GmbH wurde im Sommer 2017 durch Hans Riedel in Absprache mit anderen ehemaligen Atelier-Assistenten von Franz West gegr\u00fcndet.<\/p>\n<p>Hans Riedel konnte in 16-j\u00e4hriger Organisationsassistenz den K\u00fcnstler Franz West im Atelier in Wien 1030, Esteplatz 3 als \u201elinke Hand\u201c begleiten und f\u00fchrte nach dessen Tod 5 Jahre Facility Management-T\u00e4tigkeit f\u00fcr Franz West Werknutzung GmbH aus, bis zu deren Beendigung der Ateliert\u00e4tigkeit und Verabschiedung noch verbliebener Kunstassistenten.<br \/>\nIm Atelier ERDENREICH &#8211; Hans Riedel in 1070 Wien, Neubaugasse 7, dem jetzigen Sitz der AFW A.F.W. GmbH wurden jahrelang auch laufend f\u00fcr Franz WESTVorarbeiten zu Skulpturen und Sitzobjekten ausgef\u00fchrt.<\/p>\n<p>In der AFW Atelier Franz WESTGmbH wird der Geist und das k\u00fcnstlerische Know-How des Schaffens der letzten 2 Jahrzehnte weiter erhalten.<\/p>\n<p>Nacharbeiten, Reproduktionen und Wieder-Instandsetzungen k\u00f6nnen durch damalige Mitorganisation des Schaffens, der Mitentwicklung und gesamten Kenntnis und K\u00f6nnens der Originaltechniken &amp; \u2013materialien und dar\u00fcber hinausgehend durch gr\u00f6\u00dftm\u00f6gliche k\u00fcnstlerisch-handwerkliche Mitarbeit der damals mitschaffenden Assistenten als dem Original so weit wie m\u00f6glich nachgebildet angeboten werden.<\/p>\n<p>Die AFW Atelier Franz West GmbH ist in 100% Eigentum von Gesch\u00e4ftsf\u00fchrer Hans Riedel und agiert neutral und unabh\u00e4ngig von anderen Gesellschaften, Stiftungen, Firmen oder Personen. Sie ist assoziiert mit Firma Atelier ERDENREICH, Bildhauerei, seit 27 Jahren ein Einzelunternehmen in Eigentum und durchgehend unter alleiniger Direktion von Hans Riedel; dar\u00fcber hinaus mit \u00a0anderen Einzelunternehmern, K\u00fcnstlern und Firmen, die unter Lebzeiten von Franz WEST f\u00fcr diesen gearbeitet beziehungsweise mit ihm und Atelier ERDENREICH \u00a0kooperiert haben.<\/p>\n<p>&nbsp;<\/p>\n<p>[\/et_pb_text][\/et_pb_column][et_pb_column type=&#8220;1_3&#8243;][\/et_pb_column][\/et_pb_row][\/et_pb_section][et_pb_section bb_built=&#8220;1&#8243; prev_background_color=&#8220;#000000&#8243;][et_pb_row][\/et_pb_row][\/et_pb_section]<\/p>\n","protected":false},"excerpt":{"rendered":"<p><div class=\"et_pb_row et_pb_row_0 et_pb_row_empty\">\n\t\t\t\t\n\t\t\t\t\n\t\t\t\t\n\t\t\t\t\n\t\t\t\t\n\t\t\t<\/div><div class=\"et_pb_row et_pb_row_1 et_pb_row_empty\">\n\t\t\t\t\n\t\t\t\t\n\t\t\t\t\n\t\t\t\t\n\t\t\t\t\n\t\t\t<\/div> Die AFW Atelier Franz WEST GmbH wurde im Sommer 2017 durch Hans Riedel in Absprache mit anderen ehemaligen Atelier-Assistenten von Franz West gegr\u00fcndet. Hans Riedel konnte in 16-j\u00e4hriger Organisationsassistenz den K\u00fcnstler Franz West im Atelier in Wien 1030, Esteplatz 3 als \u201elinke Hand\u201c begleiten und f\u00fchrte nach dessen Tod 5 Jahre Facility Management-T\u00e4tigkeit f\u00fcr [&hellip;]<\/p>\n","protected":false},"author":1,"featured_media":0,"parent":0,"menu_order":1,"comment_status":"closed","ping_status":"closed","template":"","meta":{"_et_pb_use_builder":"on","_et_pb_old_content":"","_et_gb_content_width":"","footnotes":""},"class_list":["post-26697","page","type-page","status-publish","hentry"],"_links":{"self":[{"href":"https:\/\/www.atelierfranzwest.at\/de\/wp-json\/wp\/v2\/pages\/26697"}],"collection":[{"href":"https:\/\/www.atelierfranzwest.at\/de\/wp-json\/wp\/v2\/pages"}],"about":[{"href":"https:\/\/www.atelierfranzwest.at\/de\/wp-json\/wp\/v2\/types\/page"}],"author":[{"embeddable":true,"href":"https:\/\/www.atelierfranzwest.at\/de\/wp-json\/wp\/v2\/users\/1"}],"replies":[{"embeddable":true,"href":"https:\/\/www.atelierfranzwest.at\/de\/wp-json\/wp\/v2\/comments?post=26697"}],"version-history":[{"count":4,"href":"https:\/\/www.atelierfranzwest.at\/de\/wp-json\/wp\/v2\/pages\/26697\/revisions"}],"predecessor-version":[{"id":26752,"href":"https:\/\/www.atelierfranzwest.at\/de\/wp-json\/wp\/v2\/pages\/26697\/revisions\/26752"}],"wp:attachment":[{"href":"https:\/\/www.atelierfranzwest.at\/de\/wp-json\/wp\/v2\/media?parent=26697"}],"curies":[{"name":"wp","href":"https:\/\/api.w.org\/{rel}","templated":true}]}}

<p>[et_pb_section bb_built=&#8220;1&#8243; next_background_color=&#8220;#000000&#8243;][et_pb_row][et_pb_column type=&#8220;4_4&#8243;][et_pb_image _builder_version=&#8220;3.19.15&#8243; src=&#8220;https://www.atelierfranzwest.at/afw/wp-content/uploads/west-gruppefabiamimi2018_1200x450.png&#8220; force_fullwidth=&#8220;on&#8220; show_in_lightbox=&#8220;on&#8220; /][/et_pb_column][/et_pb_row][et_pb_row][et_pb_column type=&#8220;2_3&#8243;][et_pb_text _builder_version=&#8220;3.16.1&#8243;]</p>
<p>
Die AFW Atelier Franz WEST GmbH wurde im Sommer 2017 durch Hans Riedel in Absprache mit anderen ehemaligen Atelier-Assistenten von Franz West gegründet.</p>
<p>Hans Riedel konnte in 16-jähriger Organisationsassistenz den Künstler Franz West im Atelier in Wien 1030, Esteplatz 3 als „linke Hand“ begleiten und führte nach dessen Tod 5 Jahre Facility Management-Tätigkeit für Franz West Werknutzung GmbH aus, bis zu deren Beendigung der Ateliertätigkeit und Verabschiedung noch verbliebener Kunstassistenten.<br />
Im Atelier ERDENREICH &#8211; Hans Riedel in 1070 Wien, Neubaugasse 7, dem jetzigen Sitz der AFW A.F.W. GmbH wurden jahrelang auch laufend für Franz WESTVorarbeiten zu Skulpturen und Sitzobjekten ausgeführt.</p>
<p>In der AFW Atelier Franz WESTGmbH wird der Geist und das künstlerische Know-How des Schaffens der letzten 2 Jahrzehnte weiter erhalten.</p>
<p>Nacharbeiten, Reproduktionen und Wieder-Instandsetzungen können durch damalige Mitorganisation des Schaffens, der Mitentwicklung und gesamten Kenntnis und Könnens der Originaltechniken &amp; –materialien und darüber hinausgehend durch größtmögliche künstlerisch-handwerkliche Mitarbeit der damals mitschaffenden Assistenten als dem Original so weit wie möglich nachgebildet angeboten werden.</p>
<p>Die AFW Atelier Franz West GmbH ist in 100% Eigentum von Geschäftsführer Hans Riedel und agiert neutral und unabhängig von anderen Gesellschaften, Stiftungen, Firmen oder Personen. Sie ist assoziiert mit Firma Atelier ERDENREICH, Bildhauerei, seit 27 Jahren ein Einzelunternehmen in Eigentum und durchgehend unter alleiniger Direktion von Hans Riedel; darüber hinaus mit  anderen Einzelunternehmern, Künstlern und Firmen, die unter Lebzeiten von Franz WEST für diesen gearbeitet beziehungsweise mit ihm und Atelier ERDENREICH  kooperiert haben.</p>
<p>&nbsp;</p>
<p>[/et_pb_text][/et_pb_column][et_pb_column type=&#8220;1_3&#8243;][/et_pb_column][/et_pb_row][/et_pb_section][et_pb_section bb_built=&#8220;1&#8243; prev_background_color=&#8220;#000000&#8243;][et_pb_row][/et_pb_row][/et_pb_section]</p>

<p><div class="et_pb_row et_pb_row_0 et_pb_row_empty">
				
				
				
				
				
			</div><div class="et_pb_row et_pb_row_1 et_pb_row_empty">
				
				
				
				
				
			</div> Die AFW Atelier Franz WEST GmbH wurde im Sommer 2017 durch Hans Riedel in Absprache mit anderen ehemaligen Atelier-Assistenten von Franz West gegründet. Hans Riedel konnte in 16-jähriger Organisationsassistenz den Künstler Franz West im Atelier in Wien 1030, Esteplatz 3 als „linke Hand“ begleiten und führte nach dessen Tod 5 Jahre Facility Management-Tätigkeit für [&hellip;]</p>
