{"id":26703,"date":"2018-10-11T15:15:48","date_gmt":"2018-10-11T13:15:48","guid":{"rendered":"https:\/\/www.atelierfranzwest.at\/konatkt\/"},"modified":"2018-10-11T15:21:36","modified_gmt":"2018-10-11T13:21:36","slug":"kontakt","status":"publish","type":"page","link":"https:\/\/www.atelierfranzwest.at\/de\/kontakt\/","title":{"rendered":"Kontakt"},"content":{"rendered":"<p>[et_pb_section bb_built=&#8220;1&#8243;][et_pb_row][et_pb_column type=&#8220;2_3&#8243;][et_pb_text _builder_version=&#8220;3.16.1&#8243;]<\/p>\n<p><strong>Hans RIEDEL, CEO<\/strong><\/p>\n<p>mobile\u00a0\u00a0\u00a0 +43 664 3370809<\/p>\n<p>Atelier \u00a0 +43 676 3370809\u00a0\u00a0\u00a0\u00a0\u00a0 fax\u00a0 +43 1 9237009<\/p>\n<p>Neubaugasse 7, 1070 Vienna, Austria &#8211; EU<\/p>\n<p>office@atelierfranzwest.at<\/p>\n<p>&nbsp;<\/p>\n<p>UID ATU 7269 8468<\/p>\n<p>Fb 474 198a<\/p>\n<p>&nbsp;<\/p>\n<p>[\/et_pb_text][et_pb_text _builder_version=&#8220;3.16.1&#8243;]<\/p>\n<p>Trotz sorgf\u00e4ltiger inhaltlicher Kontrolle wird keine Haftung f\u00fcr die Inhalte\u00a0externer Links \u00fcbernommen. F\u00fcr den Inhalt verlinkter Seiten sind<br \/>\nausschlie\u00dflich deren Betreiber verantwortlich.<\/p>\n<p>Das Copyright f\u00fcr alle Texte und Abbildungen innerhalb dieser Webseite\u00a0liegt bei den Autoren, Fotografen, Archiv FRANZ WEST und AFW Atelier Franz West GmbH.<\/p>\n<div id=\"c1176\" class=\"\">\n<div class=\"ce-textpic ce-left ce-above\">\n<div class=\"ce-bodytext\">Die AFW Atelier Franz WEST GmbH ist in 100% Eigentum von Gesch\u00e4ftsf\u00fchrer Hans RIEDEL und agiert neutral und unabh\u00e4ngig von anderen Gesellschaften, Stiftungen, Firmen oder Personen. Sie ist assoziiert mit Firma Atelier ERDENREICH, Bildhauerei, seit 27 Jahren ein Einzelunternehmen in Eigentum und unter alleiniger Direktion von Hans RIEDEL, ebenso mit anderen K\u00fcnstlern, Einzelunternehmern und Firmen, die unter Lebzeiten von Franz WEST f\u00fcr diesen gearbeitet beziehungsweise mit ihm und Atelier ERDENREICH \u00a0kooperiert haben.<\/div>\n<div><\/div>\n<\/div>\n<\/div>\n<div id=\"c82\" class=\"\"><a href=\"https:\/\/www.wkoecg.at\/Web\/Ecg.aspx?FirmaID=62532a42-3ac0-4d8d-a0a8-4772536fd00a\" target=\"_blank\" rel=\"noopener\"><img decoding=\"async\" src=\"https:\/\/www.wkoecg.at\/Web\/Library\/img\/ecg.gif\" alt=\"Informationen zu E-Commerce und Mediengesetz\" \/><\/a><\/div>\n<div id=\"c1180\" class=\"m-t-3\">\n<h2>DATENSCHUTZERKL\u00c4RUNG<\/h2>\n<div class=\"ce-textpic ce-left ce-above\">\n<div class=\"ce-bodytext\">\n<p>Wir verarbeiten Ihre Daten ausschlie\u00dflich auf Grundlage der gesetzlichen Bestimmungen (DSGVO, TKG 2003). In diesen Datenschutzinformationen informieren wir Sie \u00fcber die wichtigsten Aspekte der Datenverarbeitung im Rahmen unserer Website.<\/p>\n<h3>Kontakt mit uns<\/h3>\n<p>Wenn Sie per Formular auf der Website oder per E-Mail Kontakt mit uns aufnehmen, werden Ihre angegebenen Daten zwecks Bearbeitung der Anfrage und f\u00fcr den Fall von Anschlussfragen sechs Monate bei uns gespeichert. Diese Daten geben wir nicht ohne Ihre Einwilligung weiter.<\/p>\n<h3>Cookies und Webanalysen<\/h3>\n<p>Unsere Website verwendet keine sogenannten Cookies und keine Analyse-Tools wie Google Analytics o. \u00e4.<\/p>\n<h3>Ihre Rechte<\/h3>\n<p>Ihnen stehen grunds\u00e4tzlich die Rechte auf Auskunft, Berichtigung, L\u00f6schung, Einschr\u00e4nkung, Daten\u00fcbertragbarkeit, Widerruf und Widerspruch zu. Wenn Sie glauben, dass die Verarbeitung Ihrer Daten gegen das Datenschutzrecht verst\u00f6\u00dft oder Ihre datenschutzrechtlichen Anspr\u00fcche sonst in einer Weise verletzt worden sind, k\u00f6nnen Sie sich bei der Aufsichtsbeh\u00f6rde beschweren. In \u00d6sterreich ist dies die Datenschutzbeh\u00f6rde.<\/p>\n<p>Sie erreichen uns unter folgenden Kontaktdaten:<\/p>\n<p><strong>Hans RIEDEL \u00a0 \u00a0 \u00a0 \u00a0<\/strong>AFW Atelier FRANZ WEST GMBH \u00a0 \u00a0 \u00a0 \u00a0Neubaugasse 7, 1070 Vienna, Austria &#8211; EU \u00a0 \u00a0 \u00a0 \u00a0\u00a0office@atelierfranzwest.at<\/p>\n<p>&nbsp;<\/p>\n<\/div>\n<\/div>\n<\/div>\n<p>&nbsp;<\/p>\n<p>[\/et_pb_text][\/et_pb_column][et_pb_column type=&#8220;1_3&#8243;][\/et_pb_column][\/et_pb_row][\/et_pb_section]<\/p>\n","protected":false},"excerpt":{"rendered":"<p><div class=\"et_pb_row et_pb_row_0 et_pb_row_empty\">\n\t\t\t\t\n\t\t\t\t\n\t\t\t\t\n\t\t\t\t\n\t\t\t\t\n\t\t\t<\/div> Hans RIEDEL, CEO mobile\u00a0\u00a0\u00a0 +43 664 3370809 Atelier \u00a0 +43 676 3370809\u00a0\u00a0\u00a0\u00a0\u00a0 fax\u00a0 +43 1 9237009 Neubaugasse 7, 1070 Vienna, Austria &#8211; EU office@atelierfranzwest.at &nbsp; UID ATU 7269 8468 Fb 474 198a &nbsp; Trotz sorgf\u00e4ltiger inhaltlicher Kontrolle wird keine Haftung f\u00fcr die Inhalte\u00a0externer Links \u00fcbernommen. F\u00fcr den Inhalt verlinkter Seiten sind ausschlie\u00dflich deren Betreiber [&hellip;]<\/p>\n","protected":false},"author":1,"featured_media":0,"parent":0,"menu_order":7,"comment_status":"closed","ping_status":"closed","template":"","meta":{"_et_pb_use_builder":"on","_et_pb_old_content":"","_et_gb_content_width":"","footnotes":""},"class_list":["post-26703","page","type-page","status-publish","hentry"],"_links":{"self":[{"href":"https:\/\/www.atelierfranzwest.at\/de\/wp-json\/wp\/v2\/pages\/26703"}],"collection":[{"href":"https:\/\/www.atelierfranzwest.at\/de\/wp-json\/wp\/v2\/pages"}],"about":[{"href":"https:\/\/www.atelierfranzwest.at\/de\/wp-json\/wp\/v2\/types\/page"}],"author":[{"embeddable":true,"href":"https:\/\/www.atelierfranzwest.at\/de\/wp-json\/wp\/v2\/users\/1"}],"replies":[{"embeddable":true,"href":"https:\/\/www.atelierfranzwest.at\/de\/wp-json\/wp\/v2\/comments?post=26703"}],"version-history":[{"count":3,"href":"https:\/\/www.atelierfranzwest.at\/de\/wp-json\/wp\/v2\/pages\/26703\/revisions"}],"predecessor-version":[{"id":26714,"href":"https:\/\/www.atelierfranzwest.at\/de\/wp-json\/wp\/v2\/pages\/26703\/revisions\/26714"}],"wp:attachment":[{"href":"https:\/\/www.atelierfranzwest.at\/de\/wp-json\/wp\/v2\/media?parent=26703"}],"curies":[{"name":"wp","href":"https:\/\/api.w.org\/{rel}","templated":true}]}}

<p>[et_pb_section bb_built=&#8220;1&#8243;][et_pb_row][et_pb_column type=&#8220;2_3&#8243;][et_pb_text _builder_version=&#8220;3.16.1&#8243;]</p>
<p><strong>Hans RIEDEL, CEO</strong></p>
<p>mobile    +43 664 3370809</p>
<p>Atelier   +43 676 3370809      fax  +43 1 9237009</p>
<p>Neubaugasse 7, 1070 Vienna, Austria &#8211; EU</p>
<p>office@atelierfranzwest.at</p>
<p>&nbsp;</p>
<p>UID ATU 7269 8468</p>
<p>Fb 474 198a</p>
<p>&nbsp;</p>
<p>[/et_pb_text][et_pb_text _builder_version=&#8220;3.16.1&#8243;]</p>
<p>Trotz sorgfältiger inhaltlicher Kontrolle wird keine Haftung für die Inhalte externer Links übernommen. Für den Inhalt verlinkter Seiten sind<br />
ausschließlich deren Betreiber verantwortlich.</p>
<p>Das Copyright für alle Texte und Abbildungen innerhalb dieser Webseite liegt bei den Autoren, Fotografen, Archiv FRANZ WEST und AFW Atelier Franz West GmbH.</p>
<div id="c1176" class="">
<div class="ce-textpic ce-left ce-above">
<div class="ce-bodytext">Die AFW Atelier Franz WEST GmbH ist in 100% Eigentum von Geschäftsführer Hans RIEDEL und agiert neutral und unabhängig von anderen Gesellschaften, Stiftungen, Firmen oder Personen. Sie ist assoziiert mit Firma Atelier ERDENREICH, Bildhauerei, seit 27 Jahren ein Einzelunternehmen in Eigentum und unter alleiniger Direktion von Hans RIEDEL, ebenso mit anderen Künstlern, Einzelunternehmern und Firmen, die unter Lebzeiten von Franz WEST für diesen gearbeitet beziehungsweise mit ihm und Atelier ERDENREICH  kooperiert haben.</div>
<div></div>
</div>
</div>
<div id="c82" class=""><a href="https://www.wkoecg.at/Web/Ecg.aspx?FirmaID=62532a42-3ac0-4d8d-a0a8-4772536fd00a" target="_blank" rel="noopener"><img decoding="async" src="https://www.wkoecg.at/Web/Library/img/ecg.gif" alt="Informationen zu E-Commerce und Mediengesetz" /></a></div>
<div id="c1180" class="m-t-3">
<h2>DATENSCHUTZERKLÄRUNG</h2>
<div class="ce-textpic ce-left ce-above">
<div class="ce-bodytext">
<p>Wir verarbeiten Ihre Daten ausschließlich auf Grundlage der gesetzlichen Bestimmungen (DSGVO, TKG 2003). In diesen Datenschutzinformationen informieren wir Sie über die wichtigsten Aspekte der Datenverarbeitung im Rahmen unserer Website.</p>
<h3>Kontakt mit uns</h3>
<p>Wenn Sie per Formular auf der Website oder per E-Mail Kontakt mit uns aufnehmen, werden Ihre angegebenen Daten zwecks Bearbeitung der Anfrage und für den Fall von Anschlussfragen sechs Monate bei uns gespeichert. Diese Daten geben wir nicht ohne Ihre Einwilligung weiter.</p>
<h3>Cookies und Webanalysen</h3>
<p>Unsere Website verwendet keine sogenannten Cookies und keine Analyse-Tools wie Google Analytics o. ä.</p>
<h3>Ihre Rechte</h3>
<p>Ihnen stehen grundsätzlich die Rechte auf Auskunft, Berichtigung, Löschung, Einschränkung, Datenübertragbarkeit, Widerruf und Widerspruch zu. Wenn Sie glauben, dass die Verarbeitung Ihrer Daten gegen das Datenschutzrecht verstößt oder Ihre datenschutzrechtlichen Ansprüche sonst in einer Weise verletzt worden sind, können Sie sich bei der Aufsichtsbehörde beschweren. In Österreich ist dies die Datenschutzbehörde.</p>
<p>Sie erreichen uns unter folgenden Kontaktdaten:</p>
<p><strong>Hans RIEDEL        </strong>AFW Atelier FRANZ WEST GMBH        Neubaugasse 7, 1070 Vienna, Austria &#8211; EU         office@atelierfranzwest.at</p>
<p>&nbsp;</p>
</div>
</div>
</div>
<p>&nbsp;</p>
<p>[/et_pb_text][/et_pb_column][et_pb_column type=&#8220;1_3&#8243;][/et_pb_column][/et_pb_row][/et_pb_section]</p>

<p><div class="et_pb_row et_pb_row_0 et_pb_row_empty">
				
				
				
				
				
			</div> Hans RIEDEL, CEO mobile    +43 664 3370809 Atelier   +43 676 3370809      fax  +43 1 9237009 Neubaugasse 7, 1070 Vienna, Austria &#8211; EU office@atelierfranzwest.at &nbsp; UID ATU 7269 8468 Fb 474 198a &nbsp; Trotz sorgfältiger inhaltlicher Kontrolle wird keine Haftung für die Inhalte externer Links übernommen. Für den Inhalt verlinkter Seiten sind ausschließlich deren Betreiber [&hellip;]</p>
